{"id":5018,"date":"2022-12-17T02:07:36","date_gmt":"2022-12-17T07:07:36","guid":{"rendered":"http:\/\/dannybarbeau.com\/aliquando\/barometre-marche-residentiel-2e-trimestre-2021\/attachment\/province_quebec_fr\/"},"modified":"2022-12-17T02:07:36","modified_gmt":"2022-12-17T07:07:36","slug":"province_quebec_fr","status":"inherit","type":"attachment","link":"https:\/\/dannybarbeau.com\/en\/aliquando\/barometre-marche-residentiel-2e-trimestre-2021\/attachment\/province_quebec_fr\/","title":{"rendered":"province_quebec_fr"},"author":0,"featured_media":0,"comment_status":"open","ping_status":"closed","template":"","meta":{"_acf_changed":false},"class_list":["post-5018","attachment","type-attachment","status-inherit","hentry"],"acf":[],"yoast_head":"<!-- This site is optimized with the Yoast SEO plugin v26.7 - https:\/\/yoast.com\/wordpress\/plugins\/seo\/ -->\n<title>province_quebec_fr - Danny Barbeau - Remax Qu\u00e9bec<\/title>\n<meta name=\"robots\" content=\"index, follow, max-snippet:-1, max-image-preview:large, max-video-preview:-1\" \/>\n<link rel=\"canonical\" href=\"https:\/\/blog.source.immo\/wp-content\/uploads\/2021\/07\/province_quebec_fr.jpg\" \/>\n<meta property=\"og:locale\" content=\"en_US\" \/>\n<meta property=\"og:type\" content=\"article\" \/>\n<meta property=\"og:title\" content=\"province_quebec_fr - Danny Barbeau - Remax Qu\u00e9bec\" \/>\n<meta property=\"og:description\" content=\"https:\/\/blog.source.immo\/wp-content\/uploads\/2021\/07\/province_quebec_fr.jpg\" \/>\n<meta property=\"og:url\" content=\"https:\/\/blog.source.immo\/wp-content\/uploads\/2021\/07\/province_quebec_fr.jpg\" \/>\n<meta property=\"og:site_name\" content=\"Danny Barbeau - Remax Qu\u00e9bec\" \/>\n<meta property=\"article:publisher\" content=\"https:\/\/www.facebook.com\/DannyBarbeauCourtier\/\" \/>\n<meta property=\"og:image\" content=\"https:\/\/dannybarbeau.com\/files\/2024\/08\/header_kamelo2022.jpg\" \/><meta property=\"og:image\" content=\"https:\/\/blog.source.immo\/wp-content\/uploads\/2021\/07\/province_quebec_fr.jpg\" \/>\n\t<meta property=\"og:image:width\" content=\"1200\" \/>\n\t<meta property=\"og:image:height\" content=\"805\" \/>\n\t<meta property=\"og:image:type\" content=\"image\/jpeg\" \/>\n<meta name=\"twitter:card\" content=\"summary_large_image\" \/>\n<meta name=\"twitter:image\" content=\"https:\/\/dannybarbeau.com\/files\/2024\/08\/header_kamelo2022.jpg\" \/>\n<meta name=\"twitter:site\" content=\"@Danny_Barbeau\" \/>\n<script type=\"application\/ld+json\" class=\"yoast-schema-graph\">{\"@context\":\"https:\/\/schema.org\",\"@graph\":[{\"@type\":\"WebPage\",\"@id\":\"https:\/\/blog.source.immo\/wp-content\/uploads\/2021\/07\/province_quebec_fr.jpg\",\"url\":\"https:\/\/blog.source.immo\/wp-content\/uploads\/2021\/07\/province_quebec_fr.jpg\",\"name\":\"province_quebec_fr - Danny Barbeau - Remax Qu\u00e9bec\",\"isPartOf\":{\"@id\":\"https:\/\/dannybarbeau.com\/#website\"},\"datePublished\":\"2022-12-17T07:07:36+00:00\",\"breadcrumb\":{\"@id\":\"https:\/\/blog.source.immo\/wp-content\/uploads\/2021\/07\/province_quebec_fr.jpg#breadcrumb\"},\"inLanguage\":\"en-US\",\"potentialAction\":[{\"@type\":\"ReadAction\",\"target\":[\"https:\/\/blog.source.immo\/wp-content\/uploads\/2021\/07\/province_quebec_fr.jpg\"]}]},{\"@type\":\"BreadcrumbList\",\"@id\":\"https:\/\/blog.source.immo\/wp-content\/uploads\/2021\/07\/province_quebec_fr.jpg#breadcrumb\",\"itemListElement\":[{\"@type\":\"ListItem\",\"position\":1,\"name\":\"Accueil\",\"item\":\"https:\/\/dannybarbeau.com\/\"},{\"@type\":\"ListItem\",\"position\":2,\"name\":\"Barom\u00e8tre du march\u00e9 r\u00e9sidentiel du 2e trimestre de 2021\",\"item\":\"https:\/\/dannybarbeau.com\/aliquando\/barometre-marche-residentiel-2e-trimestre-2021\/\"},{\"@type\":\"ListItem\",\"position\":3,\"name\":\"province_quebec_fr\"}]},{\"@type\":\"WebSite\",\"@id\":\"https:\/\/dannybarbeau.com\/#website\",\"url\":\"https:\/\/dannybarbeau.com\/\",\"name\":\"Danny Barbeau - Remax Qu\u00e9bec\",\"description\":\"Courtier immobilier\",\"publisher\":{\"@id\":\"https:\/\/dannybarbeau.com\/#organization\"},\"potentialAction\":[{\"@type\":\"SearchAction\",\"target\":{\"@type\":\"EntryPoint\",\"urlTemplate\":\"https:\/\/dannybarbeau.com\/?s={search_term_string}\"},\"query-input\":{\"@type\":\"PropertyValueSpecification\",\"valueRequired\":true,\"valueName\":\"search_term_string\"}}],\"inLanguage\":\"en-US\"},{\"@type\":\"Organization\",\"@id\":\"https:\/\/dannybarbeau.com\/#organization\",\"name\":\"Danny Barbeau - Remax Qu\u00e9bec\",\"url\":\"https:\/\/dannybarbeau.com\/\",\"logo\":{\"@type\":\"ImageObject\",\"inLanguage\":\"en-US\",\"@id\":\"https:\/\/dannybarbeau.com\/#\/schema\/logo\/image\/\",\"url\":\"https:\/\/dannybarbeau.com\/files\/2024\/08\/header_kamelo2022.jpg\",\"contentUrl\":\"https:\/\/dannybarbeau.com\/files\/2024\/08\/header_kamelo2022.jpg\",\"width\":600,\"height\":284,\"caption\":\"Danny Barbeau - Remax Qu\u00e9bec\"},\"image\":{\"@id\":\"https:\/\/dannybarbeau.com\/#\/schema\/logo\/image\/\"},\"sameAs\":[\"https:\/\/www.facebook.com\/DannyBarbeauCourtier\/\",\"https:\/\/x.com\/Danny_Barbeau\",\"https:\/\/www.linkedin.com\/in\/danny-barbeau-70b60256\/\"]}]}<\/script>\n<!-- \/ Yoast SEO plugin. -->","yoast_head_json":{"title":"province_quebec_fr - Danny Barbeau - Remax Qu\u00e9bec","robots":{"index":"index","follow":"follow","max-snippet":"max-snippet:-1","max-image-preview":"max-image-preview:large","max-video-preview":"max-video-preview:-1"},"canonical":"https:\/\/blog.source.immo\/wp-content\/uploads\/2021\/07\/province_quebec_fr.jpg","og_locale":"en_US","og_type":"article","og_title":"province_quebec_fr - Danny Barbeau - Remax Qu\u00e9bec","og_description":"https:\/\/blog.source.immo\/wp-content\/uploads\/2021\/07\/province_quebec_fr.jpg","og_url":"https:\/\/blog.source.immo\/wp-content\/uploads\/2021\/07\/province_quebec_fr.jpg","og_site_name":"Danny Barbeau - Remax Qu\u00e9bec","article_publisher":"https:\/\/www.facebook.com\/DannyBarbeauCourtier\/","og_image":[{"url":"https:\/\/dannybarbeau.com\/files\/2024\/08\/header_kamelo2022.jpg","type":"","width":"","height":""},{"width":1200,"height":805,"url":"https:\/\/blog.source.immo\/wp-content\/uploads\/2021\/07\/province_quebec_fr.jpg","type":"image\/jpeg"}],"twitter_card":"summary_large_image","twitter_image":"https:\/\/dannybarbeau.com\/files\/2024\/08\/header_kamelo2022.jpg","twitter_site":"@Danny_Barbeau","schema":{"@context":"https:\/\/schema.org","@graph":[{"@type":"WebPage","@id":"https:\/\/blog.source.immo\/wp-content\/uploads\/2021\/07\/province_quebec_fr.jpg","url":"https:\/\/blog.source.immo\/wp-content\/uploads\/2021\/07\/province_quebec_fr.jpg","name":"province_quebec_fr - Danny Barbeau - Remax Qu\u00e9bec","isPartOf":{"@id":"https:\/\/dannybarbeau.com\/#website"},"datePublished":"2022-12-17T07:07:36+00:00","breadcrumb":{"@id":"https:\/\/blog.source.immo\/wp-content\/uploads\/2021\/07\/province_quebec_fr.jpg#breadcrumb"},"inLanguage":"en-US","potentialAction":[{"@type":"ReadAction","target":["https:\/\/blog.source.immo\/wp-content\/uploads\/2021\/07\/province_quebec_fr.jpg"]}]},{"@type":"BreadcrumbList","@id":"https:\/\/blog.source.immo\/wp-content\/uploads\/2021\/07\/province_quebec_fr.jpg#breadcrumb","itemListElement":[{"@type":"ListItem","position":1,"name":"Accueil","item":"https:\/\/dannybarbeau.com\/"},{"@type":"ListItem","position":2,"name":"Barom\u00e8tre du march\u00e9 r\u00e9sidentiel du 2e trimestre de 2021","item":"https:\/\/dannybarbeau.com\/aliquando\/barometre-marche-residentiel-2e-trimestre-2021\/"},{"@type":"ListItem","position":3,"name":"province_quebec_fr"}]},{"@type":"WebSite","@id":"https:\/\/dannybarbeau.com\/#website","url":"https:\/\/dannybarbeau.com\/","name":"Danny Barbeau - Remax Qu\u00e9bec","description":"Courtier immobilier","publisher":{"@id":"https:\/\/dannybarbeau.com\/#organization"},"potentialAction":[{"@type":"SearchAction","target":{"@type":"EntryPoint","urlTemplate":"https:\/\/dannybarbeau.com\/?s={search_term_string}"},"query-input":{"@type":"PropertyValueSpecification","valueRequired":true,"valueName":"search_term_string"}}],"inLanguage":"en-US"},{"@type":"Organization","@id":"https:\/\/dannybarbeau.com\/#organization","name":"Danny Barbeau - Remax Qu\u00e9bec","url":"https:\/\/dannybarbeau.com\/","logo":{"@type":"ImageObject","inLanguage":"en-US","@id":"https:\/\/dannybarbeau.com\/#\/schema\/logo\/image\/","url":"https:\/\/dannybarbeau.com\/files\/2024\/08\/header_kamelo2022.jpg","contentUrl":"https:\/\/dannybarbeau.com\/files\/2024\/08\/header_kamelo2022.jpg","width":600,"height":284,"caption":"Danny Barbeau - Remax Qu\u00e9bec"},"image":{"@id":"https:\/\/dannybarbeau.com\/#\/schema\/logo\/image\/"},"sameAs":["https:\/\/www.facebook.com\/DannyBarbeauCourtier\/","https:\/\/x.com\/Danny_Barbeau","https:\/\/www.linkedin.com\/in\/danny-barbeau-70b60256\/"]}]}},"description":{"rendered":"<p class=\"attachment\"><a href='https:\/\/blog.source.immo\/wp-content\/uploads\/2021\/07\/province_quebec_fr.jpg'><img loading=\"lazy\" decoding=\"async\" width=\"300\" height=\"201\" src=\"https:\/\/blog.source.immo\/wp-content\/uploads\/2021\/07\/province_quebec_fr.jpg\" class=\"attachment-medium size-medium\" alt=\"\" \/><\/a><\/p>\n<p>https:\/\/blog.source.immo\/wp-content\/uploads\/2021\/07\/province_quebec_fr.jpg<\/p>\n"},"caption":{"rendered":"<p>https:\/\/blog.source.immo\/wp-content\/uploads\/2021\/07\/province_quebec_fr.jpg<\/p>\n"},"alt_text":"","media_type":"image","mime_type":"image\/jpeg","media_details":{"width":1200,"height":805,"file":"https:\/\/blog.source.immo\/wp-content\/uploads\/2021\/07\/province_quebec_fr.jpg","sizes":{}},"post":5017,"source_url":"https:\/\/blog.source.immo\/wp-content\/uploads\/2021\/07\/province_quebec_fr.jpg","_links":{"self":[{"href":"https:\/\/dannybarbeau.com\/en\/wp-json\/wp\/v2\/media\/5018","targetHints":{"allow":["GET"]}}],"collection":[{"href":"https:\/\/dannybarbeau.com\/en\/wp-json\/wp\/v2\/media"}],"about":[{"href":"https:\/\/dannybarbeau.com\/en\/wp-json\/wp\/v2\/types\/attachment"}],"replies":[{"embeddable":true,"href":"https:\/\/dannybarbeau.com\/en\/wp-json\/wp\/v2\/comments?post=5018"}],"wp:attached-to":[{"embeddable":true,"post_type":"post","id":5017,"href":"https:\/\/dannybarbeau.com\/en\/wp-json\/wp\/v2\/posts\/5017"}],"curies":[{"name":"wp","href":"https:\/\/api.w.org\/{rel}","templated":true}]}}

<!-- This site is optimized with the Yoast SEO plugin v26.7 - https://yoast.com/wordpress/plugins/seo/ -->
<title>province_quebec_fr - Danny Barbeau - Remax Québec</title>
<meta name="robots" content="index, follow, max-snippet:-1, max-image-preview:large, max-video-preview:-1" />
<link rel="canonical" href="https://blog.source.immo/wp-content/uploads/2021/07/province_quebec_fr.jpg" />
<meta property="og:locale" content="en_US" />
<meta property="og:type" content="article" />
<meta property="og:title" content="province_quebec_fr - Danny Barbeau - Remax Québec" />
<meta property="og:description" content="https://blog.source.immo/wp-content/uploads/2021/07/province_quebec_fr.jpg" />
<meta property="og:url" content="https://blog.source.immo/wp-content/uploads/2021/07/province_quebec_fr.jpg" />
<meta property="og:site_name" content="Danny Barbeau - Remax Québec" />
<meta property="article:publisher" content="https://www.facebook.com/DannyBarbeauCourtier/" />
<meta property="og:image" content="https://dannybarbeau.com/files/2024/08/header_kamelo2022.jpg" /><meta property="og:image" content="https://blog.source.immo/wp-content/uploads/2021/07/province_quebec_fr.jpg" />
	<meta property="og:image:width" content="1200" />
	<meta property="og:image:height" content="805" />
	<meta property="og:image:type" content="image/jpeg" />
<meta name="twitter:card" content="summary_large_image" />
<meta name="twitter:image" content="https://dannybarbeau.com/files/2024/08/header_kamelo2022.jpg" />
<meta name="twitter:site" content="@Danny_Barbeau" />
<script type="application/ld+json" class="yoast-schema-graph">{"@context":"https://schema.org","@graph":[{"@type":"WebPage","@id":"https://blog.source.immo/wp-content/uploads/2021/07/province_quebec_fr.jpg","url":"https://blog.source.immo/wp-content/uploads/2021/07/province_quebec_fr.jpg","name":"province_quebec_fr - Danny Barbeau - Remax Québec","isPartOf":{"@id":"https://dannybarbeau.com/#website"},"datePublished":"2022-12-17T07:07:36+00:00","breadcrumb":{"@id":"https://blog.source.immo/wp-content/uploads/2021/07/province_quebec_fr.jpg#breadcrumb"},"inLanguage":"en-US","potentialAction":[{"@type":"ReadAction","target":["https://blog.source.immo/wp-content/uploads/2021/07/province_quebec_fr.jpg"]}]},{"@type":"BreadcrumbList","@id":"https://blog.source.immo/wp-content/uploads/2021/07/province_quebec_fr.jpg#breadcrumb","itemListElement":[{"@type":"ListItem","position":1,"name":"Accueil","item":"https://dannybarbeau.com/"},{"@type":"ListItem","position":2,"name":"Baromètre du marché résidentiel du 2e trimestre de 2021","item":"https://dannybarbeau.com/aliquando/barometre-marche-residentiel-2e-trimestre-2021/"},{"@type":"ListItem","position":3,"name":"province_quebec_fr"}]},{"@type":"WebSite","@id":"https://dannybarbeau.com/#website","url":"https://dannybarbeau.com/","name":"Danny Barbeau - Remax Québec","description":"Courtier immobilier","publisher":{"@id":"https://dannybarbeau.com/#organization"},"potentialAction":[{"@type":"SearchAction","target":{"@type":"EntryPoint","urlTemplate":"https://dannybarbeau.com/?s={search_term_string}"},"query-input":{"@type":"PropertyValueSpecification","valueRequired":true,"valueName":"search_term_string"}}],"inLanguage":"en-US"},{"@type":"Organization","@id":"https://dannybarbeau.com/#organization","name":"Danny Barbeau - Remax Québec","url":"https://dannybarbeau.com/","logo":{"@type":"ImageObject","inLanguage":"en-US","@id":"https://dannybarbeau.com/#/schema/logo/image/","url":"https://dannybarbeau.com/files/2024/08/header_kamelo2022.jpg","contentUrl":"https://dannybarbeau.com/files/2024/08/header_kamelo2022.jpg","width":600,"height":284,"caption":"Danny Barbeau - Remax Québec"},"image":{"@id":"https://dannybarbeau.com/#/schema/logo/image/"},"sameAs":["https://www.facebook.com/DannyBarbeauCourtier/","https://x.com/Danny_Barbeau","https://www.linkedin.com/in/danny-barbeau-70b60256/"]}]}</script>
<!-- / Yoast SEO plugin. -->

province_quebec_fr - Danny Barbeau - Remax Québec

Danny Barbeau - Remax Québec

Baromètre du marché résidentiel du 2e trimestre de 2021
